{"id":2,"date":"2018-03-01T08:59:27","date_gmt":"2018-03-01T07:59:27","guid":{"rendered":"https:\/\/www.printempscoreen.com\/?page_id=2"},"modified":"2025-04-30T18:56:33","modified_gmt":"2025-04-30T16:56:33","slug":"page-d-exemple","status":"publish","type":"page","link":"https:\/\/www.printempscoreen.com\/KO\/page-d-exemple\/","title":{"rendered":"Accueil"},"content":{"rendered":"<p><section class=\"kc-elm kc-css-708858 kc_row\"><div class=\"kc-row-container  kc-container\"><div class=\"kc-wrap-columns\"><div class=\"kc-elm kc-css-821827 kc_col-sm-12 kc_column kc_col-sm-12\"><div class=\"kc-col-container\"><div class=\"kc-elm kc-css-327487 kc_shortcode kc_single_image\">\n\n        <img decoding=\"async\" src=\"https:\/\/www.printempscoreen.com\/wp-content\/uploads\/2019\/03\/festival_printemps_coreen_nantes_2019.png\" class=\"\" alt=\"\" \/>    <\/div>\n<\/div><\/div><\/div><\/div><\/section><section data-kc-fullwidth=\"content\" class=\"kc-elm kc-css-343008 kc_row\"><div class=\"kc-row-container\"><div class=\"kc-wrap-columns\"><div class=\"kc-elm kc-css-667502 kc_col-sm-6 kc_column kc_col-sm-6\"><div class=\"kc-col-container\">\n<div class=\"kc-elm kc-css-406596 kc-title-wrap \">\n\n\t<h3 class=\"kc_title\">Ouest France<\/h3>\n<\/div>\n<div class=\"kc-elm kc-css-947678 kc_text_block\"><\/p>\n<p>\nPour suivre l&#039;actualit\u00e9 de Ouest France, cliquez ci-dessous :<\/p>\n<p>\n<\/div><div class=\"kc-elm kc-css-949753 kc_shortcode kc_single_image\">\n\n        <a  href=\"https:\/\/infolocale.ouest-france.fr\/newsletter?utm_source=partenaire_eve-sortir&amp;utm_campaign=newsletter_44-PRINTEMPSCOREEN&amp;utm_content=2019\" title=\"\" target=\"_blank\">\n        <img decoding=\"async\" src=\"https:\/\/www.printempscoreen.com\/wp-content\/uploads\/2019\/05\/2178062_BoutonNLOuest-France_120x80.jpg\" class=\"\" alt=\"\" \/>    <\/a>\n    <\/div>\n<\/div><\/div><div class=\"kc-elm kc-css-944992 kc_col-sm-6 kc_column kc_col-sm-6\"><div class=\"kc-col-container\">\n<div class=\"kc-elm kc-css-25930 kc-title-wrap \">\n\n\t<h3 class=\"kc_title\">Gagner des places<\/h3>\n<\/div>\n<div class=\"kc-elm kc-css-574029 kc_text_block\"><\/p>\n<p>\nPour gagner des places pour le festival du Printeps Cor\u00e9en, merci de cliquer sur le lien ci-dessous :<\/p>\n<p>\n<\/div><div class=\"kc-elm kc-css-78692 kc_shortcode kc_single_image\">\n\n        <a  href=\"https:\/\/laplace.ouest-france.fr\/\" title=\"\" target=\"_blank\">\n        <img decoding=\"async\" src=\"https:\/\/www.printempscoreen.com\/wp-content\/uploads\/2019\/05\/logo-laplace-of.png\" class=\"\" alt=\"\" \/>    <\/a>\n    <\/div>\n<\/div><\/div><\/div><\/div><\/section><section class=\"kc-elm kc-css-519922 kc_row\"><div class=\"kc-row-container  kc-container\"><div class=\"kc-wrap-columns\"><div class=\"kc-elm kc-css-510346 kc_col-sm-12 kc_column kc_col-sm-12\"><div class=\"kc-col-container\">\n<div class=\"kc-elm kc-css-159272 kc-title-wrap \">\n\n\t<h3 class=\"kc_title\">\u00c9v\u00e8nements \u00e0 venir<\/h3>\n<\/div>\n<div class=\"kc-elm kc-css-631271 kc-raw-code\"><\/div><\/div><\/div><\/div><\/div><\/section><section data-kc-equalheight=\"true\" data-kc-equalheight-align=\"middle\" class=\"kc-elm kc-css-711810 kc_row\"><div class=\"kc-row-container  kc-container\"><div class=\"kc-wrap-columns\"><div class=\"kc-elm kc-css-680661 kc_col-sm-6 kc_column kc_col-sm-6\"><div class=\"kc-col-container\"><div class=\"kc-elm kc-css-932001 kc_shortcode kc_single_image\">\n\n        <img decoding=\"async\" src=\"https:\/\/www.printempscoreen.com\/wp-content\/uploads\/2019\/03\/danseuse-printemps-coreen-2019.jpg\" class=\"\" alt=\"\" \/>    <\/div>\n<\/div><\/div><div class=\"kc-elm kc-css-59148 kc_col-sm-6 kc_column kc_col-sm-6\"><div class=\"kc-col-container\">\n<div class=\"kc-elm kc-css-379645 kc-title-wrap \">\n\n\t<h4 class=\"kc_title\">Le festival<\/h4>\n<\/div>\n\n<div class=\"kc-elm kc-css-766995 kc-title-wrap \">\n\n\t<h4 class=\"kc_title\">le Printemps Coreen<\/h4>\n<\/div>\n<div class=\"kc-elm kc-css-515212 kc_text_block\"><\/p>\n<p>\nOrganis\u00e9 par l\u2019association Printemps Cor\u00e9en, le Centre Culturel Cor\u00e9en \u00e0 Paris et le collectif Noridan Inc. de S\u00e9oul, le festival Printemps Cor\u00e9en est devenu le rendez-vous incontournable de la culture cor\u00e9enne dans l\u2019ouest de la France.<br \/>Au programme de cette 7e \u00e9dition : concerts, cin\u00e9-concerts, projections de films, de couts-m\u00e9trages d&#039;animation et rencontres qui promettent de riches \u00e9changes entre artistes cor\u00e9ens et fran\u00e7ais mais aussi et surtout avec vous !<\/p>\n<p>\n<\/div>\n<div class=\"kc-elm kc-css-425722\">\n\t<a class=\"kc_button\" href=\"https:\/\/www.printempscoreen.com\/le-festival\/\" target=\"_self\" title=\"\" onclick=\"\">\n\t\tEn savoir +\t<\/a>\n<\/div>\n<\/div><\/div><\/div><\/div><\/section><section class=\"kc-elm kc-css-889403 kc_row\"><div class=\"kc-row-container  kc-container  titrebleu\"><div class=\"kc-wrap-columns\"><div class=\"kc-elm kc-css-825950 kc_col-sm-12 kc_column kc_col-sm-12\"><div class=\"kc-col-container\">\n<div class=\"kc-elm kc-css-761217 kc-title-wrap \">\n\n\t<h2 class=\"kc_title\">Actualit\u00e9s<\/h2>\n<\/div>\n\n<div class=\"kc-elm kc-css-659715 kc-blog-posts kc-blog-posts-2 kc-image-align-both\">\n\t\n\t\t\n\t\t\t\t<div class=\"kc-list-item-2\">\n\n\t\t\t\t\t\n\t\t\t\t\t\t<div class=\"post-item-left\">\n\t\t\t\t\t\t\t<div class=\"post_details\">\n\t\t\t\t\t\t\t\t<h2 class=\"post-title-alt\"><a\n\t\t\t\t\t\t\t\t\t\thref=\"https:\/\/www.printempscoreen.com\/KO\/non-classe\/3e-edition-nantco-festival-du-film-coreen\/\"\n\t\t\t\t\t\t\t\t\t\ttitle=\"3\u00e8 \u00e9dition NantCo : festival du film cor\u00e9en\">3\u00e8 \u00e9dition NantCo : festival du film cor\u00e9en<\/a>\n\t\t\t\t\t\t\t\t<\/h2>\n\t\t\t\t\t\t\t\t\t\t\t\t\t\t\t\t\t<div class=\"post-meta\">\n\t\t\t\t\t\t\t\t\t\t\t\t\t\t\t\t\t\t\t\t\t\t\t\t\t\t\t\t\t\t\t<span class=\"post-date\"><i class=\"fa fa-clock-o\"><\/i> <a\n\t\t\t\t\t\t\t\t\t\t\t\thref=\"https:\/\/www.printempscoreen.com\/KO\/2024\/03\/\">March 7 2024<\/a> <\/span>\n\t\t\t\t\t\t\t\t\t\t\t\t\t\t\t\t\t\t\t\t\t\t\t\t\t\t\t\t\t<\/div>\n\t\t\t\t\t\t\t\t\t\t\t\t\t\t\t<\/div>\n\t\t\t\t\t\t\t\t\t\t\t\t\t\t\t<p>https:\/\/youtu.be\/K1W64WTNpK4 Le festival NantCo, d\u00e9di\u00e9 au cin\u00e9ma cor\u00e9en, se veut accessible au plus grand nombre et propose donc une programmation vari\u00e9e qui satisfait la curiosit\u00e9 du public nantais pour la cr\u00e9ation cin\u00e9matographique cor\u00e9enne. La programmation&hellip;<\/p>\n\t\t\t\t\t\t\t\t\t\t\t\t\t\t<a href=\"https:\/\/www.printempscoreen.com\/KO\/non-classe\/3e-edition-nantco-festival-du-film-coreen\/\"\n\t\t\t\t\t\t\t   class=\"kc-post-2-button\">Lire la suite <i\n\t\t\t\t\t\t\t\t\tclass=\"fa fa-angle-right\" aria-hidden=\"true\"><\/i><\/a>\n\t\t\t\t\t\t\t\t\t\t\t\t\t<\/div>\n\t\t\t\t\t\t<div class=\"post-item-right\">\n\t\t\t\t\t\t\t<figure>\n\t\t\t\t\t\t\t\t<img decoding=\"async\" src=\"https:\/\/www.printempscoreen.com\/wp-content\/uploads\/2024\/03\/the-night-owl_8-scaled-543x304xct.jpeg\"\n\t\t\t\t\t\t\t\t     alt=\"3\u00e8 \u00e9dition NantCo : festival du film cor\u00e9en\">\n\t\t\t\t\t\t\t<\/figure>\n\t\t\t\t\t\t<\/div>\n\n\t\t\t\t\t\n\t\t\t\t<\/div>\n\n\t\t\t\t\n\t\t\t\t<div class=\"kc-list-item-2\">\n\n\t\t\t\t\t\t\t\t\t\t\t\t\t\t\t\t\t\t<div class=\"post-item-left\">\n\t\t\t\t\t\t\t\t<figure>\n\t\t\t\t\t\t\t\t\t<img decoding=\"async\" src=\"https:\/\/www.printempscoreen.com\/wp-content\/uploads\/2023\/08\/03_Openig-Oneul_TeissierDSC_0213-1024x683.jpg\"\n\t\t\t\t\t\t\t\t\t     alt=\"Regards dans le r\u00e9tro\">\n\t\t\t\t\t\t\t\t<\/figure>\n\t\t\t\t\t\t\t<\/div>\n\t\t\t\t\t\t\t\t\t\t\t\t<div class=\"post-item-right\">\n\t\t\t\t\t\t\t<div class=\"post_details\">\n\t\t\t\t\t\t\t\t<h2 class=\"post-title-alt\"><a\n\t\t\t\t\t\t\t\t\t\thref=\"https:\/\/www.printempscoreen.com\/KO\/non-classe\/regards-dans-le-retro\/\"\n\t\t\t\t\t\t\t\t\t\ttitle=\"Regards dans le r\u00e9tro\">Regards dans le r\u00e9tro<\/a>\n\t\t\t\t\t\t\t\t<\/h2>\n\n\t\t\t\t\t\t\t\t\t\t\t\t\t\t\t\t\t<div class=\"post-meta\">\n\t\t\t\t\t\t\t\t\t\t\t\t\t\t\t\t\t\t\t\t\t\t\t\t\t\t\t\t\t\t\t<span class=\"post-date\"><i class=\"fa fa-clock-o\"><\/i> <a\n\t\t\t\t\t\t\t\t\t\t\t\thref=\"https:\/\/www.printempscoreen.com\/KO\/2023\/08\/\">August 29 2023<\/a> <\/span>\n\t\t\t\t\t\t\t\t\t\t\t\t\t\t\t\t\t\t\t\t\t\t\t\t\t\t\t\t\t<\/div>\n\t\t\t\t\t\t\t\t\t\t\t\t\t\t\t<\/div>\n\t\t\t\t\t\t\t\t\t\t\t\t\t\t\t<p>La 10\u00e8 \u00e9dition du festival a \u00e9t\u00e9 riche en \u00e9v\u00e9nements, en \u00e9motions et en belles rencontres. Concert du groupe Oneul \u00e0 l'ouverture Festival Printemps Cor\u00e9en - 10\u00e8 \u00e9dition https:\/\/youtu.be\/FHENwXAwZN0<\/p>\n\t\t\t\t\t\t\t\t\t\t\t\t\t\t<a href=\"https:\/\/www.printempscoreen.com\/KO\/non-classe\/regards-dans-le-retro\/\"\n\t\t\t\t\t\t\t   class=\"kc-post-2-button\">Lire la suite <i\n\t\t\t\t\t\t\t\t\tclass=\"fa fa-angle-right\" aria-hidden=\"true\"><\/i><\/a>\n\t\t\t\t\t\t\t\t\t\t\t\t\t<\/div>\n\n\t\t\t\t\t\n\t\t\t\t<\/div>\n\n\t\t\t\t\n\t\n<\/div>\n<\/div><\/div><\/div><\/div><\/section><section class=\"kc-elm kc-css-373945 kc_row\"><div class=\"kc-row-container  kc-container\"><div class=\"kc-wrap-columns\"><div class=\"kc-elm kc-css-131567 kc_col-sm-12 kc_column kc_col-sm-12\"><div class=\"kc-col-container\"><div class=\"kc-elm kc-css-574859 kc_shortcode kc_single_image\">\n\n        <img decoding=\"async\" src=\"https:\/\/www.printempscoreen.com\/wp-content\/uploads\/2019\/05\/logos_fond_rose.jpg\" class=\"\" alt=\"\" \/>    <\/div>\n<\/div><\/div><\/div><\/div><\/section><\/p>","protected":false},"excerpt":{"rendered":"","protected":false},"author":1,"featured_media":0,"parent":0,"menu_order":0,"comment_status":"closed","ping_status":"open","template":"fullwidth-page.php","meta":{"footnotes":""},"aioseo_notices":[],"_links":{"self":[{"href":"https:\/\/www.printempscoreen.com\/KO\/wp-json\/wp\/v2\/pages\/2"}],"collection":[{"href":"https:\/\/www.printempscoreen.com\/KO\/wp-json\/wp\/v2\/pages"}],"about":[{"href":"https:\/\/www.printempscoreen.com\/KO\/wp-json\/wp\/v2\/types\/page"}],"author":[{"embeddable":true,"href":"https:\/\/www.printempscoreen.com\/KO\/wp-json\/wp\/v2\/users\/1"}],"replies":[{"embeddable":true,"href":"https:\/\/www.printempscoreen.com\/KO\/wp-json\/wp\/v2\/comments?post=2"}],"version-history":[{"count":177,"href":"https:\/\/www.printempscoreen.com\/KO\/wp-json\/wp\/v2\/pages\/2\/revisions"}],"predecessor-version":[{"id":2415,"href":"https:\/\/www.printempscoreen.com\/KO\/wp-json\/wp\/v2\/pages\/2\/revisions\/2415"}],"wp:attachment":[{"href":"https:\/\/www.printempscoreen.com\/KO\/wp-json\/wp\/v2\/media?parent=2"}],"curies":[{"name":"wp","href":"https:\/\/api.w.org\/{rel}","templated":true}]}}

<p><section class="kc-elm kc-css-708858 kc_row"><div class="kc-row-container  kc-container"><div class="kc-wrap-columns"><div class="kc-elm kc-css-821827 kc_col-sm-12 kc_column kc_col-sm-12"><div class="kc-col-container"><div class="kc-elm kc-css-327487 kc_shortcode kc_single_image">

        <img decoding="async" src="https://www.printempscoreen.com/wp-content/uploads/2019/03/festival_printemps_coreen_nantes_2019.png" class="" alt="" />    </div>
</div></div></div></div></section><section data-kc-fullwidth="content" class="kc-elm kc-css-343008 kc_row"><div class="kc-row-container"><div class="kc-wrap-columns"><div class="kc-elm kc-css-667502 kc_col-sm-6 kc_column kc_col-sm-6"><div class="kc-col-container">
<div class="kc-elm kc-css-406596 kc-title-wrap ">

	<h3 class="kc_title">Ouest France</h3>
</div>
<div class="kc-elm kc-css-947678 kc_text_block"></p>
<p>
Pour suivre l&#039;actualité de Ouest France, cliquez ci-dessous :</p>
<p>
</div><div class="kc-elm kc-css-949753 kc_shortcode kc_single_image">

        <a  href="https://infolocale.ouest-france.fr/newsletter?utm_source=partenaire_eve-sortir&amp;utm_campaign=newsletter_44-PRINTEMPSCOREEN&amp;utm_content=2019" title="" target="_blank">
        <img decoding="async" src="https://www.printempscoreen.com/wp-content/uploads/2019/05/2178062_BoutonNLOuest-France_120x80.jpg" class="" alt="" />    </a>
    </div>
</div></div><div class="kc-elm kc-css-944992 kc_col-sm-6 kc_column kc_col-sm-6"><div class="kc-col-container">
<div class="kc-elm kc-css-25930 kc-title-wrap ">

	<h3 class="kc_title">Gagner des places</h3>
</div>
<div class="kc-elm kc-css-574029 kc_text_block"></p>
<p>
Pour gagner des places pour le festival du Printeps Coréen, merci de cliquer sur le lien ci-dessous :</p>
<p>
</div><div class="kc-elm kc-css-78692 kc_shortcode kc_single_image">

        <a  href="https://laplace.ouest-france.fr/" title="" target="_blank">
        <img decoding="async" src="https://www.printempscoreen.com/wp-content/uploads/2019/05/logo-laplace-of.png" class="" alt="" />    </a>
    </div>
</div></div></div></div></section><section class="kc-elm kc-css-519922 kc_row"><div class="kc-row-container  kc-container"><div class="kc-wrap-columns"><div class="kc-elm kc-css-510346 kc_col-sm-12 kc_column kc_col-sm-12"><div class="kc-col-container">
<div class="kc-elm kc-css-159272 kc-title-wrap ">

	<h3 class="kc_title">Évènements à venir</h3>
</div>
<div class="kc-elm kc-css-631271 kc-raw-code"></div></div></div></div></div></section><section data-kc-equalheight="true" data-kc-equalheight-align="middle" class="kc-elm kc-css-711810 kc_row"><div class="kc-row-container  kc-container"><div class="kc-wrap-columns"><div class="kc-elm kc-css-680661 kc_col-sm-6 kc_column kc_col-sm-6"><div class="kc-col-container"><div class="kc-elm kc-css-932001 kc_shortcode kc_single_image">

        <img decoding="async" src="https://www.printempscoreen.com/wp-content/uploads/2019/03/danseuse-printemps-coreen-2019.jpg" class="" alt="" />    </div>
</div></div><div class="kc-elm kc-css-59148 kc_col-sm-6 kc_column kc_col-sm-6"><div class="kc-col-container">
<div class="kc-elm kc-css-379645 kc-title-wrap ">

	<h4 class="kc_title">Le festival</h4>
</div>

<div class="kc-elm kc-css-766995 kc-title-wrap ">

	<h4 class="kc_title">le Printemps Coreen</h4>
</div>
<div class="kc-elm kc-css-515212 kc_text_block"></p>
<p>
Organisé par l’association Printemps Coréen, le Centre Culturel Coréen à Paris et le collectif Noridan Inc. de Séoul, le festival Printemps Coréen est devenu le rendez-vous incontournable de la culture coréenne dans l’ouest de la France.<br />Au programme de cette 7e édition : concerts, ciné-concerts, projections de films, de couts-métrages d&#039;animation et rencontres qui promettent de riches échanges entre artistes coréens et français mais aussi et surtout avec vous !</p>
<p>
</div>
<div class="kc-elm kc-css-425722">
	<a class="kc_button" href="https://www.printempscoreen.com/le-festival/" target="_self" title="" onclick="">
		En savoir +	</a>
</div>
</div></div></div></div></section><section class="kc-elm kc-css-889403 kc_row"><div class="kc-row-container  kc-container  titrebleu"><div class="kc-wrap-columns"><div class="kc-elm kc-css-825950 kc_col-sm-12 kc_column kc_col-sm-12"><div class="kc-col-container">
<div class="kc-elm kc-css-761217 kc-title-wrap ">

	<h2 class="kc_title">Actualités</h2>
</div>

<div class="kc-elm kc-css-659715 kc-blog-posts kc-blog-posts-2 kc-image-align-both">
	
		
				<div class="kc-list-item-2">

					
						<div class="post-item-left">
							<div class="post_details">
								<h2 class="post-title-alt"><a
										href="https://www.printempscoreen.com/KO/non-classe/3e-edition-nantco-festival-du-film-coreen/"
										title="3è édition NantCo : festival du film coréen">3è édition NantCo : festival du film coréen</a>
								</h2>
																	<div class="post-meta">
																															<span class="post-date"><i class="fa fa-clock-o"></i> <a
												href="https://www.printempscoreen.com/KO/2024/03/">March 7 2024</a> </span>
																													</div>
															</div>
															<p>https://youtu.be/K1W64WTNpK4 Le festival NantCo, dédié au cinéma coréen, se veut accessible au plus grand nombre et propose donc une programmation variée qui satisfait la curiosité du public nantais pour la création cinématographique coréenne. La programmation&hellip;</p>
														<a href="https://www.printempscoreen.com/KO/non-classe/3e-edition-nantco-festival-du-film-coreen/"
							   class="kc-post-2-button">Lire la suite <i
									class="fa fa-angle-right" aria-hidden="true"></i></a>
													</div>
						<div class="post-item-right">
							<figure>
								<img decoding="async" src="https://www.printempscoreen.com/wp-content/uploads/2024/03/the-night-owl_8-scaled-543x304xct.jpeg"
								     alt="3è édition NantCo : festival du film coréen">
							</figure>
						</div>

					
				</div>

				
				<div class="kc-list-item-2">

																		<div class="post-item-left">
								<figure>
									<img decoding="async" src="https://www.printempscoreen.com/wp-content/uploads/2023/08/03_Openig-Oneul_TeissierDSC_0213-1024x683.jpg"
									     alt="Regards dans le rétro">
								</figure>
							</div>
												<div class="post-item-right">
							<div class="post_details">
								<h2 class="post-title-alt"><a
										href="https://www.printempscoreen.com/KO/non-classe/regards-dans-le-retro/"
										title="Regards dans le rétro">Regards dans le rétro</a>
								</h2>

																	<div class="post-meta">
																															<span class="post-date"><i class="fa fa-clock-o"></i> <a
												href="https://www.printempscoreen.com/KO/2023/08/">August 29 2023</a> </span>
																													</div>
															</div>
															<p>La 10è édition du festival a été riche en événements, en émotions et en belles rencontres. Concert du groupe Oneul à l'ouverture Festival Printemps Coréen - 10è édition https://youtu.be/FHENwXAwZN0</p>
														<a href="https://www.printempscoreen.com/KO/non-classe/regards-dans-le-retro/"
							   class="kc-post-2-button">Lire la suite <i
									class="fa fa-angle-right" aria-hidden="true"></i></a>
													</div>

					
				</div>

				
	
</div>
</div></div></div></div></section><section class="kc-elm kc-css-373945 kc_row"><div class="kc-row-container  kc-container"><div class="kc-wrap-columns"><div class="kc-elm kc-css-131567 kc_col-sm-12 kc_column kc_col-sm-12"><div class="kc-col-container"><div class="kc-elm kc-css-574859 kc_shortcode kc_single_image">

        <img decoding="async" src="https://www.printempscoreen.com/wp-content/uploads/2019/05/logos_fond_rose.jpg" class="" alt="" />    </div>
</div></div></div></div></section></p>
